 is the value of (14 - (28 - -28)) + 30?
-12
Calculate 215 + -208 + (1 - 2) + 1 + -18.
-11
What is 4 + -9 + (-6 - (-5 + 14 + -6))?
-14
What is -3 + (52 + -53 - (-4 + -2))?
2
Evaluate -51 - -58 - (2 + 5) - 0.
0
What is the value of -14 + (-2 - -7 - (4 - 5))?
-8
What is the value of (-1 - -3) + (-24 + 12 - 0)?
-10
4 + 7 + 0 - 21 - 7
-17
Evaluate 16 - (4 - -9) - ((0 - 1) + 21).
-17
Evaluate 7 - (-30 + 6) - 13.
18
Evaluate -7 + (-2 + -1 + 0 + -6 - -37).
21
Evaluate 85 + -88 + 0 + 3 + -1.
-1
Evaluate -18 + 25 + (-1 - (15 + 2)).
-11
What is -184 - -193 - ((0 - 1) + 9 + -2)?
3
Evaluate 3 + -8 + 9 + 4 - 4.
4
What is 0 + -43 + (619 - 617)?
-41
Calculate -181 - -168 - (0 + -20) - 22.
-15
What is (-3 - -1) + 0 + 8 - (4 + 6)?
-4
What is the value of 2 + -7 - (4 + (-19 - -9)) - 0?
1
What is the value of -8 + (-7 - -3) - (2 + -1)?
-13
Evaluate -3 + -2 + -6 + 45 + -24 + 9.
19
Evaluate -29 - (-6 + (-7 - 1) - -7).
-22
Evaluate -2 + -6 + 16 + -9 - -6 - 38.
-33
Calculate (-9 - (-1 - 5)) + -4 + 9 + -7.
-5
-5 - (1 - 16 - (-5 - -5) - -6)
4
-7 - 0 - (12 + -11 + 19 + -25)
-2
Calculate 16 - ((1 - 32) + 20).
27
6 + (1 - -9) + -17
-1
What is -2945 + 2983 + 2 + -3 + -18?
19
Evaluate 3 + -9 + 9 + -25.
-22
Evaluate (2 - 4 - (-2 + 1) - -4) + 5.
8
What is the value of (-7 - 0 - -2 - -26) + (-56 - -63)?
28
Calculate (14 - 12) + (0 - -4) - 19.
-13
Calculate -25 + (15 - 3) + 25.
12
What is -8 + 42 + -52 + (7 - -7)?
-4
What is -7 + 17 + -10 + -4 + (20 - -1)?
17
Calculate -14 - (-10 + 2 + (-3 - (10 + -16))).
-9
Calculate 35 - 13 - (2 + 8).
12
What is the value of -1 + (-1 - 2) + 2 - (-35 - -18)?
15
-16 + (13 - -1 - -18) + 6
22
(-4 + 19 - 9) + (-1 - 2)
3
Evaluate -12 - (-17 + (-3 - (14 - 21))).
1
What is the value of (4 + -12 - 4) + -3 + 3?
-12
What is the value of 3 + (54 - 30) + -31?
-4
What is the value of 3 + 3 + (-6 - -5 - 2) - 5?
-2
What is 9 - ((-3 - -6) + -2 + (17 - 9))?
0
What is the value of -4 + -10 + 4 - -15?
5
Evaluate (-7 - 1) + (-3 + -8 - -12).
-7
What is -2 - (11 - ((5 - 5) + -1)) - -2?
-12
What is the value of -26 + -9 + 9 + 19?
-7
What is the value of (-11 - (1 + 9)) + 4?
-17
What is -2 + 0 + 4 + -1556 + 1541?
-13
Evaluate 1 + 10 - (24 - (9 - -4)).
0
Evaluate 11 - (9 + (2 - (-11 + 19))).
8
Evaluate -14 + -23 + 13 + 2.
-22
(-7 - (-11 - -10)) + -6 - -7
-5
Calculate (8 - ((5 - 9) + 3)) + -12.
-3
Evaluate -15 + 0 - (-274 - -246).
13
What is 15 + (33 - 6 - 10) + -7?
25
Evaluate 65 + -64 + (24 - (5 + -5 + 4)).
21
Evaluate -5 + (12 - (-5 + 9)) - 7 - -7.
3
Evaluate 2 + (-2 - 14) + -259 + 267.
-6
Evaluate 3 + -29 - (-20 - -1).
-7
What is -8 + (29 - 28) + (2 + 2 - 5)?
-8
Calculate -14 - (5 + 3 + -23).
1
What is 26 + -30 + -1 + 3?
-2
6 - 7 - (0 - -7) - 2
-10
Evaluate -12 - (-3 - -2) - (-17 + 10).
-4
(12 - (5 - -12)) + 0
-5
What is the value of (3 - (2 - 12)) + 4 + -2 + -7?
8
What is the value of (-4 - -2) + (0 - (20 + -10 + 7))?
-19
Evaluate -26 + 18 + (3 + 1 - -1) + -3.
-6
Evaluate 4 + -8 + 3 - 4 - (11 - 6).
-10
What is -17 + 4 + (16 - -9)?
12
Calculate (0 - 0) + (0 - -3) - (19 + -21).
5
Calculate (-11 - 31) + 82 + -13.
27
What is (34 - 42) + 7 + (0 + 0 - 2)?
-3
What is 1 + 30 + -3 + -11 + -2 + 7?
22
What is the value of -2 + -2 - (-44 - -28)?
12
What is the value of 3 + -11 + 20 + (-24 - -26)?
14
What is -28 - (-1 + -9) - -30?
12
11 - (25 - (9 + 13))
8
-8 - (-1 + -16) - 0
9
Evaluate 23 + (-2 - (6 - 9)) + (3 - -2).
29
Calculate (-2 - 3) + 22 - 10.
7
Calculate -1 + -16 + -18 + 36 + -20 + -1.
-20
Evaluate 3 + (-449 - -427 - (14 + -1)).
-32
Evaluate -21 + 4 + -14 + -30 + 34.
-27
Calculate (10 - (-25 + 39)) + 1 + 7.
4
Evaluate (2 - 2) + 28 - (-11 + 39 + -35).
35
What is the value of (7 - 2) + 6 + -1 + -20?
-10
Calculate (-2 - (-5 - -5)) + (-1 - (2 + -1)).
-4
What is the value of (0 - 15) + 409 + -391?
3
3 - (0 - (0 - -5 - (0 - -11)))
-3
-4 + 24 + -22 - -23
21
What is 4 + 12 + 28 + -57?
-13
What is -5 + (7 - 4) - (-9 - -21)?
-14
-20 + (47 - 44 - (0 + -12))
-5
-34 - (-8 + (17 - 27))
-16
What is the value of 1 - (3 + 14) - (-8 + -3 + 9)?
-14
Evaluate 7 + (19 - (3 - -16)).
7
2 + 1 + 0 - ((-54 - 2) + 74)
-15
2 + -21 - ((71 - 37) + -39)
-14
Evaluate (5 - 33) + 6 - -11.
-11
What is the value of 7 + (12 - (-30 - -12 - -32))?
5
Evaluate 7 + (4 - 1) - (-2 + (4 - 4)).
12
(-37 - -7) + 12 + 13
-5
-36 - -10 - (5 + -22)
-9
Calculate 4 - 30 - (-26 + 10).
-10
Evaluate -12 + 18 - ((-3 - -1) + 11) - -11.
8
Calculate 2 - ((-19 - -1) + (-1 - -10)).
11
Evaluate -4 + 3 + -1 + -18.
-20
5 + 18 + -23 + (2 - -3) - 21
-16
What is the value of 2 + (8 - 12) + (-4 - (2 - -20))?
-28
What is (10 - 23) + (74 - 88)?
-27
What is -6 + 0 - -22 - 15?
1
What is 3 + 38 - (-11 - -36)?
16
What is (-4 - (8 + -39 + 18)) + -8 + -2?
-1
Evaluate 7 - -29 - (-6 + 8 + 5 + -3).
32
What is -7 - -26 - (7 + (6 - 6))?
12
-5 + (0 - -3) + 10 - (-1 - -3)
6
Evaluate -2 + (-2 - (-3 - -16)) - -26.
9
What is the value of 2 - (8 - (2 + 2)) - (-4 - 7)?
9
Calculate (-315 - -325) + (2 - 31) + -1.
-20
Evaluate 23 - (19 + -20 - (-3 + -8 - -3)).
16
(-7 - (-7 - (-11 + 13))) + 8
10
(-26 - -15) + 2 + 7 + 0 + 0
-2
What is the value of (2 - 1 - 2) + (814 - 804)?
9
What is 18 + -50 - -33 - (-1 - (-12 - -3))?
-7
-9 + -3 + 7 - 10
-15
Calculate 0 - 1 - (-20 - (-14 - 12)) - -44.
37
What is the value of 0 + -12 + -2 - 12 - (-1 + -4)?
-21
What is -11 + 10 + (-26 + 11 - -3)?
-13
What is 44 - (8 + 36) - -8?
8
What is the value of 19 + -17 + -44 + 13 + 1 + 6?
-22
70 + -75 - (-16 + -2)
13
What is 5 + -5 - (-8 + 3)?
5
What is 6 + -9 - ((-5 - (-8 - 4)) + 0)?
-10
-1 + 20 - (-101 - -105)
15
Evaluate 2 + -12 - -14 - (-3 + 1).
6
Calculate 43 + 32 + -87 + 32 + 2.
22
-3 + (-3 - -12) + 2 + -3
5
Calculate (-3 - -10) + (-6 - -4).
5
Evaluate 4 + -4 + 3 + -10 + -7 + 1.
-13
2 - (-9 + -7 + 22 + -2 + 4)
-6
Evaluate (45 - 47) + 10 - (4 + -1 + 0).
5
Calculate (0 - 10) + (22 + -24 - -3) + 21.
12
What is the value of -17 + 1 + (-509 - -506)?
-19
Evaluate (0 - 1) + 34 + (36 - 63).
6
-38 - (-36 - 16) - (0 + 2 + 1)
11
8 - 9 - -14 - 10
3
Calculate 11 + -3 + 9 + -14 - -1 - 14.
-10
What is the value of 4 + -2 + (8 - 1) + -150 + 141?
0
What is the value of 4 + (0 + (11 - 11) - 24)?
-20
What is the value of -5 + (1 - -15) + -9?
2
Evaluate 1 + (-2 - -7) - (-11 + 14 - 3).
6
Evaluate (-4 - (2 - -4)) + 187 + -153.
24
What is the value of (0 - 5 - 0) + 91 + -93 - 4?
-11
Calculate 31 + -19 + 1 + -26 + 3.
-10
What is 7 + (7 - 28) + 12?
-2
Evaluate -24 - -26 - ((-2 - -1) + 7 - 0).
-4
-26 - ((-14 - -44) + -38)
-18
What is -4 - (-2 + -5 + (2 - 8))?
9
Evaluate 12 + (-21 + 16 + -15 - -5).
-3
What is -21 - 1 - (-4 + (1 - -20) + -9)?
-30
Calculate 16 + -18 + -31 + 23.
-10
What is the value of (-11 + -3 + 1 + 6 - -5) + 6?
4
Calculate -25 + -6 + -3 + 33 + -29.
-30
Evaluate -4 + -3 + -7 + -5 + (0 - -3).
-16
Evaluate 1 - (-1 - -13) - -14.
3
What is (-5 - 15) + 2 + 22?
4
What is (2 - (-1 - 27)) + (-4 - (0 - -1))?
25
Calculate (14 - (31 + (-5 - 11))) + 6 + -1.
4
Evaluate 15 - (13 + (-30 - -15)) - (0 + 2).
15
What is 1 - (-17 + 3) - (18 + -12)?
9
Evaluate 1 + 4 + (9 - 9 - 1).
4
Evaluate (3 - 5) + (17 - 31) + 18.
2
What is the value of (49 - 33) + (-10 - ((4 - 7) + 1))?
8
Evaluate 53 + (-105 + 37 - -24).
9
Evaluate 10 + -1 - (-10 + -26 + 41).
4
Evaluate (57 - 13) + 8 - (18 + 0).
34
What is the value of 85 + -76 - (-13 + 3)?
19
(-12 - (42 + 13 + -12)) + 17
-38
(-930 - -956) + -10 + -1
15
Calculate (-17 - (27 - 16)) + 9.
-19
Evaluate 20 - (-4 - -21) - (0 + 9).
-6
-19 + (18 - 7 - -14)
6
What is 4 - (-7 + 10 + 8 - -15)?
-22
Evaluate 15 - (-8 - (-23 + -1)).
-1
Calculate 3 + -8 - (-38 - (-8 - (5 - 9))).
29
What is the value of (6 - 7 - (-9 + 4)) + -29 + 6?
-19
Evaluate 16 - (-7 - -54) - -20.
-11
31 + -2 - (159 - 156)
26
Evaluate -5 + -4 + 0 + 2 + 6 - -5.
4
What is the value of -2 + 15 - (368 - 338)?
-17
What is -53 + 41 + (-2 + 1 - -3)?
-10
What is -5 - (-5 + -1 + -1) - 2?
0
What is (742 - 732) + -37 + -1?
-28
What is the value of 29 + (3 - 1) + -1 + (-78 - -69)?
21
What is the value of 10 + 5 + -6 + -5 - 10?
-6
What is the value of -3 + 25 + 6 + -19?
9
7 + 1 + 3 + (-1 - 8)
2
Evaluate -4 - (4 + 0 + 5 + -3 + -10).
0
What is the value of 0 + 0 + (-5 + -7 - 0) + 1?
-11
Calculate -14 + -10 + 19 - (5 - 4).
-6
What is -16 + (-1 + 5 - (-7 + 6))?
-11
Evaluate -6 + (17 - 9) + 12 + -1.
13
Calculate -20 + 1 + -3 + -39 + 5